 is the units digit of j?
5
Let h be 1 + 1 - (4 + -11). Let x be 450/h*(-1 - -2). Let b = x - 26. What is the units digit of b?
4
Let h = -33 - -33. Let l = 8 + h. What is the units digit of l?
8
What is the tens digit of 1689 + (22/99)/((-4)/(-36))?
9
Let r be 120/66 - (-4)/22. Let u(m) = m**2 + 3*m + 1. Let i be u(-4). Suppose r*v = -3*t + 4*t + 9, 5*v = -i*t. What is the units digit of v?
3
Let c(a) be the first derivative of -a**4/4 + 44*a + 91. Suppose 2*o + 2*o + 2*p + 10 = 0, p = 4*o - 5. What is the units digit of c(o)?
4
Suppose 6*h = 8*h - 254. Suppose 5*q = -2*t + 77, 5*t = t - q + h. What is the tens digit of t?
3
What is the hundreds digit of (-5 - (1 + -3)) + (396 - -3)?
3
Let o = -56 + 61. Suppose -v - 2 = -y, 0 = 6*v - v - 4*y + o. What is the units digit of v?
3
Suppose -37 = -6*d + 29. Suppose 5*n = d + 4, -u = 3*n - 70. What is the units digit of u?
1
Suppose -2*c - 10 = 4*s - 78, -105 = -5*c + 3*s. Let o be (-320)/(-48)*c/10. What is the units digit of 27/6*o/6?
2
Let b be (-231)/(-14)*6/(-9). Let l(h) = 2*h**2 + 16*h + 12. What is the tens digit of l(b)?
7
Let z = -8 + 10. Let c(p) = -p**2 + p + 2. Let q be c(z). Suppose q = -5*g + 15 + 5. What is the units digit of g?
4
Let o be 404 - (0 + (-6)/(-3)). Suppose -3*x + 30 = -o. What is the tens digit of x?
4
Let u = -1508 - -1817. What is the units digit of u?
9
Suppose 4*w + 35 - 223 = 0. Let m = w - -19. What is the tens digit of m?
6
Let o be (-1)/4 - (-94)/(-8). Let j(g) = -12*g**2 - g**3 - 6 + 1496*g - 7 - 1500*g. What is the tens digit of j(o)?
3
Let h = 1680 + -802. What is the tens digit of h?
7
Suppose 0 = -a - 5*z + 1883, 4*a + 102*z = 104*z + 7488. What is the thousands digit of a?
1
Suppose 0 = 11*c - 1030 - 6626. What is the hundreds digit of c?
6
Suppose y + 141 = -45. Suppose 0*f + 60 = -5*f - 3*c, -3*c = 4*f + 45. What is the units digit of 6/10 + y/f?
3
Suppose 15556 = 18*k - 14684. What is the hundreds digit of k?
6
Let x = -225 + 68. Let m = x + 280. What is the hundreds digit of m?
1
Let l(p) = 5*p**2 - 2*p + 1. Let y be l(1). Suppose -100 = -y*f - 0*f. What is the units digit of 5/(25/3)*f?
5
What is the units digit of (-1889)/(-3)*1/((-3)/(-9))?
9
Let j(h) = -15*h - 9. Let b(m) = 4*m + 11. Let s be b(-4). What is the tens digit of j(s)?
6
Let u = 935 + -469. What is the units digit of u?
6
Let l(i) = i - 2. Let v(c) = -2*c + 6. Let f(o) = 14*l(o) + 5*v(o). Let s be f(0). What is the tens digit of 1*s + (19 - -9)?
3
Let l be 7/35 - 1/5. Suppose l = -8*r + 3*r. Suppose r = -9*f + 7*f + 16. What is the units digit of f?
8
Let p = 915 + -207. What is the tens digit of p?
0
Let r = -23 + 25. Suppose 4*o + t = o + 5, 0 = r*o + 5*t - 12. Suppose 2*p - 2*b - o = 11, p + 5*b + 6 = 0. What is the units digit of p?
4
Let l = 91 + -166. Let d = l + 151. What is the tens digit of d?
7
Let p = 4 - 4. Suppose p = -4*j - 131 + 15. Let s = j - -53. What is the tens digit of s?
2
Suppose -3*k + 2 = -1. Let z(x) = -5*x - 8*x**2 + 14*x**2 + k + 3 - 2*x**3 + x**3. What is the units digit of z(4)?
6
Suppose 0*t - 46 = -5*t + 2*w, 5*t - 55 = 5*w. Suppose -2*c = 4*m - 258, -114 = -2*m + 4*c - t*c. What is the tens digit of m?
6
Let n = -4 - -10. Suppose -150 = -n*s - 6. What is the units digit of s?
4
Let h(u) = -12*u - 463. What is the units digit of h(-43)?
3
Suppose 0 = -3*u + u - 2, -4*b + 2081 = -u. Suppose -2*t = 3*t - b. What is the units digit of ((-13)/4)/((-13)/t)?
6
Suppose 0 = -956*f + 971*f - 22260. What is the units digit of f?
4
Let o(n) = 2*n + 3. Let i be o(-2). What is the hundreds digit of (i - 2) + 5 + (-314)/(-2)?
1
Let g(s) = 2*s**2 - 31*s - 49. Let i(r) = r**2 - 15*r - 24. Let h(v) = 3*g(v) - 7*i(v). Let j = 25 - 16. What is the units digit of h(j)?
8
Let s(c) = 2*c**2 + 6*c + 124. What is the hundreds digit of s(-18)?
6
Let g(y) = -2*y**3 + 11*y**2 + 5*y - 20. Let v be g(6). Let x(k) = -44*k**3 + 2*k**2 - 1. Let o be x(-1). Let z = o + v. What is the units digit of z?
9
Suppose -13*s + 15*s = 0. Suppose -m - 4 = s, 2*m + 12 = -4*f + 56. What is the units digit of f?
3
Let o = -16 - -12. Let v(g) = 6*g + 9. Let q be v(o). What is the units digit of (q + 16)*(1 + 0)?
1
Let s = -164 - 433. Let a = -369 - s. What is the tens digit of a?
2
Let x(c) = -12*c + 5. Let i(u) = 11*u - 5. Let w(v) = 5*i(v) + 4*x(v). Suppose -3*b + 6 = -2*b. What is the units digit of w(b)?
7
Suppose -r + 7992 = 5*q, -2*r + 14 - 20 = 0. What is the tens digit of q?
9
Let o(c) = 2*c**2 - 4*c + 3. Let f be o(2). Suppose -76 = -f*y + 17. What is the tens digit of y?
3
Suppose j = -j. Suppose -2*q - 8 = -14. Suppose q*a - 4*a + 55 = j. What is the tens digit of a?
5
What is the hundreds digit of 137/((3/(-10))/((-9)/15))?
2
Suppose 2*b + 2*p = -8, 3*b - 5*b + 5*p - 22 = 0. Let n be b/(-21) - (-52)/14. What is the tens digit of n/(-10)*-5 + 25?
2
Let z(t) = -5 + t**2 + 0*t**2 - 15*t + 13. What is the tens digit of z(19)?
8
Let u(g) be the third derivative of -g**5/60 - g**4/24 + 11*g**3/2 + g**2. Suppose 5*h = 7*h + 2*q - 10, 0 = 3*h + 5*q - 25. What is the tens digit of u(h)?
3
Let s be ((-4)/(-12))/((-1)/(-3)). Suppose -4*p - m + 14 = 0, 3*m = 5*p - 27 + s. What is the tens digit of (-2 - -74)/p + 3?
2
Suppose -4*r - 8 - 8 = 0. What is the units digit of ((-15)/(-4))/((-3)/r)?
5
Suppose 0 = -5*r - u + 15, u - 3 = -5*r + 3*r. Suppose 0 = -w - 0*y - 3*y - 6, r*w + 2*y = -4. What is the tens digit of 42/2 + (w - 0)?
2
Suppose 250*b - 19500 = 235*b. What is the thousands digit of b?
1
Let j(b) = -38*b - 7 + 13 - 9. What is the hundreds digit of j(-3)?
1
Let p be (-45)/(-30)*58/(-3). Let j = p + 77. Suppose 19*g = 17*g + j. What is the units digit of g?
4
Suppose 5*x = s + s + 24, 0 = -5*s - 10. Let k = 522 + -282. Suppose 2 = -r - 2, -r - k = -x*n. What is the tens digit of n?
5
Suppose 4*r - 7729 - 6015 = 0. What is the hundreds digit of r?
4
Let o(y) = -y**3 - 29*y**2 - y - 24. Let b be o(-29). What is the tens digit of (b/(60/18))/(6/80)?
2
Suppose 12*w - 12 = 8*w. Let c(v) = -2*v**2 + v**3 + w*v**2 + 8*v**2 - 1 - 4*v**2. What is the tens digit of c(-2)?
1
What is the hundreds digit of 2 + 934 + (2 + 5)/7?
9
Let u(j) = -30*j + 14. Let g be u(-10). Let i = g + -208. What is the tens digit of i?
0
Let n(q) = -q**3 - 4*q**2 - 8*q - 5. Let b be n(-5). Suppose 0 = 4*h + b + 164. What is the units digit of (-15)/5*h/6?
8
Let f be (-2)/3 - 66/(-18). Suppose 0 = -3*t - 4*x + 610, -407 = -6*t + 4*t - f*x. What is the hundreds digit of t?
2
Let t(i) = -20*i - 34. What is the hundreds digit of t(-8)?
1
Suppose 22 = -3*c + 4. Let t be (-1182)/36 - (-1)/c. Let a = t - -63. What is the tens digit of a?
3
What is the tens digit of 3874*(8/(-14) + (-255)/(-238))?
3
Suppose -3*w - 10 = -8*w. Let a = -8 - w. Let r = a + 49. What is the units digit of r?
9
Let d be 20/7 - 2/(-14). Suppose k - 96 = -3*p, -3*p + d*k + 2*k = -96. What is the units digit of p?
2
Let n(q) = -q**3 + 5*q**2 + 1. Let l be n(5). Suppose f = -f. Let i = f + l. What is the units digit of i?
1
Suppose -17*b - 3*h = -14*b - 3126, h + 2093 = 2*b. What is the units digit of b?
5
Let b be (-4)/(-20) + 64/5. Suppose 2*r - 13 = -p, -3*r = -3*p + 14 - 2. Let l = b - p. What is the units digit of l?
6
Suppose -16*p + 21*p + 40 = 0. Let n be p/(-20) + 4/(-10). Suppose n = c + 4*c - 120. What is the tens digit of c?
2
Suppose -12*d - 87 = 369. Let b = d - -123. What is the units digit of b?
5
Let a = -2821 + 4020. What is the hundreds digit of a?
1
Suppose -36720 = -66*o + 54*o. What is the thousands digit of o?
3
Let h(v) = 130*v**2 + 3*v + 8. What is the hundreds digit of h(-2)?
5
Let c = 158 + -164. What is the tens digit of c/((-48)/10)*256?
2
Let j(u) be the third derivative of -u**4/24 + 12*u**3 + 9*u**2. What is the units digit of j(0)?
2
Suppose -3*i + 681 = -3*t, 4*i - 501 = t + 392. What is the tens digit of i?
2
Let y = 3 + -7. Let l(t) = 0 + 5 + 1 + 2*t**2 + t + 0. What is the tens digit of l(y)?
3
Suppose -2*i + 570 = -5*i. Let k = i + 292. What is the hundreds digit of k?
1
Suppose 0*k = 4*u - 5*k - 4711, -3*k + 4751 = 4*u. Suppose 0 = 8*d - 552 - u. What is the hundreds digit of d?
2
Let z(i) = -i**3 + 8*i**2 + i - 11. Let p be z(8). What is the tens digit of p/((27/62)/(-9))?
6
What is the tens digit of (4/6)/((364/(-41379